{"id":18649,"date":"2018-10-05T15:59:19","date_gmt":"2018-10-05T13:59:19","guid":{"rendered":"https:\/\/localsolidaritydays.eu\/the-campaign\/"},"modified":"2025-09-24T10:19:25","modified_gmt":"2025-09-24T08:19:25","slug":"the-campaign","status":"publish","type":"page","link":"https:\/\/localsolidaritydays.eu\/fr\/the-campaign\/","title":{"rendered":"La campagne"},"content":{"rendered":"<div class=\"page\" title=\"Page 1\">\r\n<div class=\"layoutArea\">\r\n<div class=\"column\">\r\n<p>Les villes et les r\u00e9gions ouvrent la voie vers un d\u00e9veloppement durable mondial ! Comment ? Gr\u00e2ce \u00e0 leurs <strong>projets de coop\u00e9ration internationale avec des villes et des r\u00e9gions du monde entier<\/strong> et \u00e0 leur gestion quotidienne, ax\u00e9e sur les solutions, des d\u00e9fis li\u00e9s \u00e0 la durabilit\u00e9.<\/p>\r\n<p>Les Journ\u00e9es europ\u00e9ennes de la solidarit\u00e9 locale (EDLS) appellent les villes et les r\u00e9gions europ\u00e9ennes \u00e0 <strong>sensibiliser leurs citoyen\u00b7ne\u00b7s aux d\u00e9fis du d\u00e9veloppement durable mondial et \u00e0 la n\u00e9cessit\u00e9 d&rsquo;agir<\/strong>.<\/p>\r\n<p>Ne manquez pas la prochaine \u00e9dition, qui se tiendra du 15 au 30 novembre 2025 dans toute l&rsquo;Europe.<\/p>\r\n<\/div>\r\n<\/div>\r\n<\/div>\r\n","protected":false},"excerpt":{"rendered":"<p>Les villes et les r\u00e9gions ouvrent la voie vers un d\u00e9veloppement durable mondial ! Comment ? Gr\u00e2ce \u00e0 leurs projets de coop\u00e9ration internationale avec des villes et des r\u00e9gions du monde entier et \u00e0 leur gestion quotidienne, ax\u00e9e sur les solutions, des d\u00e9fis li\u00e9s \u00e0 la durabilit\u00e9. Les Journ\u00e9es europ\u00e9ennes de la solidarit\u00e9 locale (EDLS) [&hellip;]<\/p>\n","protected":false},"author":1,"featured_media":0,"parent":0,"menu_order":0,"comment_status":"closed","ping_status":"closed","template":"","meta":{"_acf_changed":false,"footnotes":""},"class_list":["post-18649","page","type-page","status-publish","hentry"],"acf":[],"yoast_head":"<!-- This site is optimized with the Yoast SEO plugin v27.3 - https:\/\/yoast.com\/product\/yoast-seo-wordpress\/ -->\n<title>La campagne - EDLS<\/title>\n<meta name=\"robots\" content=\"index, follow, max-snippet:-1, max-image-preview:large, max-video-preview:-1\" \/>\n<link rel=\"canonical\" href=\"https:\/\/localsolidaritydays.eu\/fr\/the-campaign\/\" \/>\n<meta property=\"og:locale\" content=\"fr_FR\" \/>\n<meta property=\"og:type\" content=\"article\" \/>\n<meta property=\"og:title\" content=\"La campagne - EDLS\" \/>\n<meta property=\"og:description\" content=\"Les villes et les r\u00e9gions ouvrent la voie vers un d\u00e9veloppement durable mondial ! Comment ? Gr\u00e2ce \u00e0 leurs projets de coop\u00e9ration internationale avec des villes et des r\u00e9gions du monde entier et \u00e0 leur gestion quotidienne, ax\u00e9e sur les solutions, des d\u00e9fis li\u00e9s \u00e0 la durabilit\u00e9. Les Journ\u00e9es europ\u00e9ennes de la solidarit\u00e9 locale (EDLS) [&hellip;]\" \/>\n<meta property=\"og:url\" content=\"https:\/\/localsolidaritydays.eu\/fr\/the-campaign\/\" \/>\n<meta property=\"og:site_name\" content=\"EDLS\" \/>\n<meta property=\"article:modified_time\" content=\"2025-09-24T08:19:25+00:00\" \/>\n<meta property=\"og:image\" content=\"https:\/\/localsolidaritydays.eu\/wp-content\/uploads\/2024\/10\/EDLS-twitter_EN2.jpg\" \/>\n\t<meta property=\"og:image:width\" content=\"2500\" \/>\n\t<meta property=\"og:image:height\" content=\"1408\" \/>\n\t<meta property=\"og:image:type\" content=\"image\/jpeg\" \/>\n<meta name=\"twitter:card\" content=\"summary_large_image\" \/>\n<meta name=\"twitter:label1\" content=\"Dur\u00e9e de lecture estim\u00e9e\" \/>\n\t<meta name=\"twitter:data1\" content=\"1 minute\" \/>\n<script type=\"application\/ld+json\" class=\"yoast-schema-graph\">{\"@context\":\"https:\\\/\\\/schema.org\",\"@graph\":[{\"@type\":\"WebPage\",\"@id\":\"https:\\\/\\\/localsolidaritydays.eu\\\/fr\\\/the-campaign\\\/\",\"url\":\"https:\\\/\\\/localsolidaritydays.eu\\\/fr\\\/the-campaign\\\/\",\"name\":\"La campagne - EDLS\",\"isPartOf\":{\"@id\":\"https:\\\/\\\/localsolidaritydays.eu\\\/fr\\\/#website\"},\"datePublished\":\"2018-10-05T13:59:19+00:00\",\"dateModified\":\"2025-09-24T08:19:25+00:00\",\"breadcrumb\":{\"@id\":\"https:\\\/\\\/localsolidaritydays.eu\\\/fr\\\/the-campaign\\\/#breadcrumb\"},\"inLanguage\":\"fr-FR\",\"potentialAction\":[{\"@type\":\"ReadAction\",\"target\":[\"https:\\\/\\\/localsolidaritydays.eu\\\/fr\\\/the-campaign\\\/\"]}]},{\"@type\":\"BreadcrumbList\",\"@id\":\"https:\\\/\\\/localsolidaritydays.eu\\\/fr\\\/the-campaign\\\/#breadcrumb\",\"itemListElement\":[{\"@type\":\"ListItem\",\"position\":1,\"name\":\"Home\",\"item\":\"https:\\\/\\\/localsolidaritydays.eu\\\/fr\\\/\"},{\"@type\":\"ListItem\",\"position\":2,\"name\":\"La campagne\"}]},{\"@type\":\"WebSite\",\"@id\":\"https:\\\/\\\/localsolidaritydays.eu\\\/fr\\\/#website\",\"url\":\"https:\\\/\\\/localsolidaritydays.eu\\\/fr\\\/\",\"name\":\"EDLS\",\"description\":\"European Days of Local Solidarity\",\"potentialAction\":[{\"@type\":\"SearchAction\",\"target\":{\"@type\":\"EntryPoint\",\"urlTemplate\":\"https:\\\/\\\/localsolidaritydays.eu\\\/fr\\\/?s={search_term_string}\"},\"query-input\":{\"@type\":\"PropertyValueSpecification\",\"valueRequired\":true,\"valueName\":\"search_term_string\"}}],\"inLanguage\":\"fr-FR\"}]}<\/script>\n<!-- \/ Yoast SEO plugin. -->","yoast_head_json":{"title":"La campagne - EDLS","robots":{"index":"index","follow":"follow","max-snippet":"max-snippet:-1","max-image-preview":"max-image-preview:large","max-video-preview":"max-video-preview:-1"},"canonical":"https:\/\/localsolidaritydays.eu\/fr\/the-campaign\/","og_locale":"fr_FR","og_type":"article","og_title":"La campagne - EDLS","og_description":"Les villes et les r\u00e9gions ouvrent la voie vers un d\u00e9veloppement durable mondial ! Comment ? Gr\u00e2ce \u00e0 leurs projets de coop\u00e9ration internationale avec des villes et des r\u00e9gions du monde entier et \u00e0 leur gestion quotidienne, ax\u00e9e sur les solutions, des d\u00e9fis li\u00e9s \u00e0 la durabilit\u00e9. Les Journ\u00e9es europ\u00e9ennes de la solidarit\u00e9 locale (EDLS) [&hellip;]","og_url":"https:\/\/localsolidaritydays.eu\/fr\/the-campaign\/","og_site_name":"EDLS","article_modified_time":"2025-09-24T08:19:25+00:00","og_image":[{"width":2500,"height":1408,"url":"https:\/\/localsolidaritydays.eu\/wp-content\/uploads\/2024\/10\/EDLS-twitter_EN2.jpg","type":"image\/jpeg"}],"twitter_card":"summary_large_image","twitter_misc":{"Dur\u00e9e de lecture estim\u00e9e":"1 minute"},"schema":{"@context":"https:\/\/schema.org","@graph":[{"@type":"WebPage","@id":"https:\/\/localsolidaritydays.eu\/fr\/the-campaign\/","url":"https:\/\/localsolidaritydays.eu\/fr\/the-campaign\/","name":"La campagne - EDLS","isPartOf":{"@id":"https:\/\/localsolidaritydays.eu\/fr\/#website"},"datePublished":"2018-10-05T13:59:19+00:00","dateModified":"2025-09-24T08:19:25+00:00","breadcrumb":{"@id":"https:\/\/localsolidaritydays.eu\/fr\/the-campaign\/#breadcrumb"},"inLanguage":"fr-FR","potentialAction":[{"@type":"ReadAction","target":["https:\/\/localsolidaritydays.eu\/fr\/the-campaign\/"]}]},{"@type":"BreadcrumbList","@id":"https:\/\/localsolidaritydays.eu\/fr\/the-campaign\/#breadcrumb","itemListElement":[{"@type":"ListItem","position":1,"name":"Home","item":"https:\/\/localsolidaritydays.eu\/fr\/"},{"@type":"ListItem","position":2,"name":"La campagne"}]},{"@type":"WebSite","@id":"https:\/\/localsolidaritydays.eu\/fr\/#website","url":"https:\/\/localsolidaritydays.eu\/fr\/","name":"EDLS","description":"European Days of Local Solidarity","potentialAction":[{"@type":"SearchAction","target":{"@type":"EntryPoint","urlTemplate":"https:\/\/localsolidaritydays.eu\/fr\/?s={search_term_string}"},"query-input":{"@type":"PropertyValueSpecification","valueRequired":true,"valueName":"search_term_string"}}],"inLanguage":"fr-FR"}]}},"_links":{"self":[{"href":"https:\/\/localsolidaritydays.eu\/fr\/wp-json\/wp\/v2\/pages\/18649","targetHints":{"allow":["GET"]}}],"collection":[{"href":"https:\/\/localsolidaritydays.eu\/fr\/wp-json\/wp\/v2\/pages"}],"about":[{"href":"https:\/\/localsolidaritydays.eu\/fr\/wp-json\/wp\/v2\/types\/page"}],"author":[{"embeddable":true,"href":"https:\/\/localsolidaritydays.eu\/fr\/wp-json\/wp\/v2\/users\/1"}],"replies":[{"embeddable":true,"href":"https:\/\/localsolidaritydays.eu\/fr\/wp-json\/wp\/v2\/comments?post=18649"}],"version-history":[{"count":2,"href":"https:\/\/localsolidaritydays.eu\/fr\/wp-json\/wp\/v2\/pages\/18649\/revisions"}],"predecessor-version":[{"id":18658,"href":"https:\/\/localsolidaritydays.eu\/fr\/wp-json\/wp\/v2\/pages\/18649\/revisions\/18658"}],"wp:attachment":[{"href":"https:\/\/localsolidaritydays.eu\/fr\/wp-json\/wp\/v2\/media?parent=18649"}],"curies":[{"name":"wp","href":"https:\/\/api.w.org\/{rel}","templated":true}]}}

<div class="page" title="Page 1">
<div class="layoutArea">
<div class="column">
<p>Les villes et les régions ouvrent la voie vers un développement durable mondial ! Comment ? Grâce à leurs <strong>projets de coopération internationale avec des villes et des régions du monde entier</strong> et à leur gestion quotidienne, axée sur les solutions, des défis liés à la durabilité.</p>
<p>Les Journées européennes de la solidarité locale (EDLS) appellent les villes et les régions européennes à <strong>sensibiliser leurs citoyen·ne·s aux défis du développement durable mondial et à la nécessité d&rsquo;agir</strong>.</p>
<p>Ne manquez pas la prochaine édition, qui se tiendra du 15 au 30 novembre 2025 dans toute l&rsquo;Europe.</p>
</div>
</div>
</div>

<p>Les villes et les régions ouvrent la voie vers un développement durable mondial ! Comment ? Grâce à leurs projets de coopération internationale avec des villes et des régions du monde entier et à leur gestion quotidienne, axée sur les solutions, des défis liés à la durabilité. Les Journées européennes de la solidarité locale (EDLS) [&hellip;]</p>

<!-- This site is optimized with the Yoast SEO plugin v27.3 - https://yoast.com/product/yoast-seo-wordpress/ -->
<title>La campagne - EDLS</title>
<meta name="robots" content="index, follow, max-snippet:-1, max-image-preview:large, max-video-preview:-1" />
<link rel="canonical" href="https://localsolidaritydays.eu/fr/the-campaign/" />
<meta property="og:locale" content="fr_FR" />
<meta property="og:type" content="article" />
<meta property="og:title" content="La campagne - EDLS" />
<meta property="og:description" content="Les villes et les régions ouvrent la voie vers un développement durable mondial ! Comment ? Grâce à leurs projets de coopération internationale avec des villes et des régions du monde entier et à leur gestion quotidienne, axée sur les solutions, des défis liés à la durabilité. Les Journées européennes de la solidarité locale (EDLS) [&hellip;]" />
<meta property="og:url" content="https://localsolidaritydays.eu/fr/the-campaign/" />
<meta property="og:site_name" content="EDLS" />
<meta property="article:modified_time" content="2025-09-24T08:19:25+00:00" />
<meta property="og:image" content="https://localsolidaritydays.eu/wp-content/uploads/2024/10/EDLS-twitter_EN2.jpg" />
	<meta property="og:image:width" content="2500" />
	<meta property="og:image:height" content="1408" />
	<meta property="og:image:type" content="image/jpeg" />
<meta name="twitter:card" content="summary_large_image" />
<meta name="twitter:label1" content="Durée de lecture estimée" />
	<meta name="twitter:data1" content="1 minute" />
<script type="application/ld+json" class="yoast-schema-graph">{"@context":"https:\/\/schema.org","@graph":[{"@type":"WebPage","@id":"https:\/\/localsolidaritydays.eu\/fr\/the-campaign\/","url":"https:\/\/localsolidaritydays.eu\/fr\/the-campaign\/","name":"La campagne - EDLS","isPartOf":{"@id":"https:\/\/localsolidaritydays.eu\/fr\/#website"},"datePublished":"2018-10-05T13:59:19+00:00","dateModified":"2025-09-24T08:19:25+00:00","breadcrumb":{"@id":"https:\/\/localsolidaritydays.eu\/fr\/the-campaign\/#breadcrumb"},"inLanguage":"fr-FR","potentialAction":[{"@type":"ReadAction","target":["https:\/\/localsolidaritydays.eu\/fr\/the-campaign\/"]}]},{"@type":"BreadcrumbList","@id":"https:\/\/localsolidaritydays.eu\/fr\/the-campaign\/#breadcrumb","itemListElement":[{"@type":"ListItem","position":1,"name":"Home","item":"https:\/\/localsolidaritydays.eu\/fr\/"},{"@type":"ListItem","position":2,"name":"La campagne"}]},{"@type":"WebSite","@id":"https:\/\/localsolidaritydays.eu\/fr\/#website","url":"https:\/\/localsolidaritydays.eu\/fr\/","name":"EDLS","description":"European Days of Local Solidarity","potentialAction":[{"@type":"SearchAction","target":{"@type":"EntryPoint","urlTemplate":"https:\/\/localsolidaritydays.eu\/fr\/?s={search_term_string}"},"query-input":{"@type":"PropertyValueSpecification","valueRequired":true,"valueName":"search_term_string"}}],"inLanguage":"fr-FR"}]}</script>
<!-- / Yoast SEO plugin. -->

Les villes et les régions ouvrent la voie vers un développement durable mondial ! Comment ? Grâce à leurs projets de coopération internationale avec des villes et des régions du monde entier et à leur gestion quotidienne, axée sur les solutions, des défis liés à la durabilité. Les Journées européennes de la solidarité locale (EDLS) [&hellip;]
